e prime factors of -5 - (-7*910 - 4).
3, 11, 193
Suppose 11*l - 215 = 10*l. Suppose -2*a + l = -687. List the prime factors of a.
11, 41
Suppose 2*d = d + 2*o - 172, 5*d + 874 = -4*o. Let y = 131 - 187. Let w = y - d. What are the prime factors of w?
2, 59
Let m = 756 + 5277. List the prime factors of m.
3, 2011
Suppose -5*s - 4*z = z - 210, 3*s = -4*z + 126. Let w = s - 122. What are the prime factors of ((-48)/20)/(12/w)?
2
Suppose 5*k + 13*y - 8*y = 15, 5*k - 15 = -y. Suppose 3*g = q - 81 - 79, -465 = -k*q + 4*g. List the prime factors of q.
151
List the prime factors of (-152)/(-10)*(-31 + 19386/36).
2, 7, 19, 29
Suppose 24*t - 20*t + 10930 = 2*a, 0 = -3*t. List the prime factors of a.
5, 1093
Let m(y) = -41*y - 77. Suppose -80*h + 93*h = -182. List the prime factors of m(h).
7, 71
List the prime factors of 6/(-7) + (-80490)/(-21).
2, 479
Let p = 44687 - 23905. List the prime factors of p.
2, 10391
Suppose 0 = -50*l - 34 - 266. List the prime factors of ((-6)/l - 8)*-67.
7, 67
Let h(a) = a - 1. Let z be h(0). Let d be (-2 + -1)*z - -1*2. Suppose -4*g = 4*n - 196, d*n = 2*g - 30 - 82. What are the prime factors of g?
3, 17
Let y = 370 - 246. Let x = -108 + y. What are the prime factors of x?
2
Suppose -91604 = -23*c + 612449. List the prime factors of c.
7, 4373
Let r be (21 - 54)*-1*(-4)/(-3). Let c = -42 + r. Suppose -3*s = -5*q - c*s + 168, -q + 2*s = -30. List the prime factors of q.
2, 17
Suppose 38256 = 2*n - 44*z + 41*z, -4*n + 76488 = -2*z. List the prime factors of n.
3, 6373
Let l(k) = 5 + 4*k - 41*k + 1 - 7*k. Let i be l(-2). Let t = 39 + i. List the prime factors of t.
7, 19
Suppose 3128 - 489 = 13*j. List the prime factors of 90*(-5 - j/(-35)).
2, 3
Let n = 129118 - 84832. List the prime factors of n.
2, 3, 11, 61
Suppose 0*a = 2*a - 3*o - 16, 4*o = 2*a - 20. Suppose 7*v = -a*v + 432. List the prime factors of v.
2, 3
Suppose k - 1909 = -6*u + 4*u, 0 = 12*u - 5*k - 11443. What are the prime factors of u?
2, 3, 53
Let m = -1693 - -15050. List the prime factors of m.
19, 37
Let j be 752/(-10) + -2 + 6/5. Let h be (5/(-10))/((-2)/j). Let d(w) = w**2 + 12*w - 33. What are the prime factors of d(h)?
2, 5
Let l(m) = -4*m**2 - 274*m + 195. What are the prime factors of l(-67)?
3, 199
Let p(t) = 20*t + 2032. List the prime factors of p(-28).
2, 23
Let f be 4 + 8/4 + -5. List the prime factors of 1 - (f/(-2) - 8175/50).
3, 5, 11
Suppose -25 + 9 = 2*o - 4*a, 0 = 5*o + 2*a - 8. Suppose o = -20*c + 32*c - 7344. What are the prime factors of c?
2, 3, 17
Suppose -t = -12*t + 37477. Suppose -15*z + 3 = -12*z, -4*r + z + t = 0. List the prime factors of r.
2, 3, 71
Let j(w) be the third derivative of -w**4 + 10*w**3 + 9*w**2 + 4. List the prime factors of j(-15).
2, 3, 5, 7
Suppose 7 = 9*z + 34. Let o(s) = -37*s + 7. List the prime factors of o(z).
2, 59
Suppose 0 = -2*a - 4*p + 20, 3*a - p - 2 = -0. Suppose a*h + 4 + 0 = -2*z, 8 = 5*h - z. What are the prime factors of (834/(-12))/(h/(-2))?
139
Let p be 7665/126 - 5/6. Suppose 29*l - 26*l = p. What are the prime factors of l?
2, 5
Let b(o) = -6*o**2 + 1143*o - 24. List the prime factors of b(108).
2, 3, 61, 73
Suppose 5*k - 309 = 3*i, 4*k - 74 = 3*i + 172. Let l be (1/2)/((-1)/(-10)). Suppose l*j = k + 367. What are the prime factors of j?
2, 43
Let h(p) = p**3 + 10*p**2 + 5*p + 11. Let v be h(-8). Let r = -93 + v. Let y(z) = 4*z**2 - 9*z + 21. List the prime factors of y(r).
3, 37
Let n(y) = -250*y + 6414. What are the prime factors of n(-23)?
2, 3041
What are the prime factors of (10 - 99/11)*(-2 + 2292)?
2, 5, 229
Let v be ((-40)/6)/((-92)/138). Suppose v*u = 1640 + 3450. List the prime factors of u.
509
Suppose 0 = -78*h + 8*h + 138217 + 2579953. List the prime factors of h.
13, 29, 103
Let y = 171 - 166. Suppose -x - 1209 = -y*s + 2*s, 0 = s + 3*x - 403. What are the prime factors of s?
13, 31
Let c(z) = -609*z**3 + 30*z**2 + 14*z. List the prime factors of c(-3).
3, 5557
Let x(w) = -30*w**2 - 34. Let d be x(8). Let f be d/(68/(-28) + (-3)/(-7)). Suppose 0*k + 4*k - 4*b = 968, 0 = 4*k + 5*b - f. What are the prime factors of k?
3
Let f(p) = 12*p**2 + 225*p + 3966. What are the prime factors of f(-16)?
2, 3, 191
Suppose -4*z + 2*z = -8. Suppose 4*s + 187402 = 49*s + 46912. List the prime factors of (-3)/z - s/(-56).
5, 11
Let g = -43 + 46. Suppose 3*b - f = 5*b - 2, -3*b + g*f = -12. List the prime factors of (8 + b)*5/(75/132).
2, 11
Let y = -134 - -141. Suppose -310 = -y*i + 418. What are the prime factors of i?
2, 13
What are the prime factors of (-1)/(((-19)/38)/(13/2))?
13
Let q(w) = 2*w**2 - 4*w - 4. Let a be q(3). Suppose a*y - 9 - 5 = 0. Suppose y*m - 415 = 2*m. What are the prime factors of m?
83
Let y(u) = -u**3 - 3*u - 21. List the prime factors of y(-18).
3, 5, 17, 23
Suppose -5*t + 26720 = 24860. What are the prime factors of t?
2, 3, 31
Suppose -31*w = -27*w. Suppose w = 15*t - 14428 + 3688. What are the prime factors of t?
2, 179
Suppose -32*v - 60 = -44*v. Suppose 87 = -v*j + 1012. What are the prime factors of j?
5, 37
Suppose -136*a + 134*a + 18 = 0. List the prime factors of 2613/a - 15/(-9).
2, 73
Suppose 2*z - 26 = 4*w, -5*w + 3*w - 2*z = 10. What are the prime factors of (-14 - -6 - w) + 640?
2, 11, 29
Suppose 18*b - 7968 = -822. Let n = b - 120. What are the prime factors of n?
277
Suppose -4*g - 43*s + 45*s = -82742, -2*s = -g + 20696. List the prime factors of g.
2, 3, 383
List the prime factors of (-1470)/441*(-1353 + (2 - 2)).
2, 5, 11, 41
Suppose 16*s = 5*s + 33. List the prime factors of 293 + 2 - (s - 5).
3, 11
Let o be (-210)/(-13) - (-2)/(-13). Suppose 2*h + 108 - o = a, -5*a + 430 = 5*h. List the prime factors of a.
2, 11
Let u = -17480 + 49999. List the prime factors of u.
31, 1049
Suppose -3 = 3*l - 4*o, 3*l = 3*o - 4*o + 12. Suppose -l*t - 421 = -3*b - 94, -2 = 2*t. What are the prime factors of b?
2, 3
Let d = 814 + -2761. List the prime factors of d/(-12) + (-138)/(-24) + -5.
163
Let u be -271*(-6)/6 - 1. Suppose 714 - u = 6*c. List the prime factors of c.
2, 37
Let v(x) = 1678*x - 8414. What are the prime factors of v(13)?
2, 5, 67
Let v(d) = -d**3 - 17*d**2 + 17*d + 7. Let i be v(-18). Let x = 60 - i. What are the prime factors of 1432/5 + 2 + (-49)/x?
7, 41
Suppose a + 0*a - 2 = -4*s, a - 2*s = 2. Let h(w) = 0 + 5 - a*w - w + 7*w. List the prime factors of h(5).
5
Let g = 36872 - 20360. List the prime factors of g.
2, 3, 43
Let o be 183/9 + 4/(-3). Suppose -5*t + 2*b = -2920, 17*t + 1147 = o*t - 5*b. What are the prime factors of t?
2, 293
List the prime factors of 7/(-4) - 757592/(-32).
3, 13, 607
Let d(a) = -36*a + 20. Suppose -n + 22 = 3*f - 31, 5*f - 5*n - 55 = 0. Let u be d(f). What are the prime factors of (0 - 4)/16*u?
139
Let y(s) = 3 + s**3 + 9 - 4*s - s + s**3. What are the prime factors of y(5)?
3, 79
List the prime factors of ((-34694)/(-6))/(9/54*2).
11, 19, 83
Suppose -3*p - 136 = 2*r + 332, 0 = 2*r. Let h = p + 70. Let f = -33 - h. List the prime factors of f.
53
Let j = -2632 + 5014. Let b = -1527 + j. What are the prime factors of b?
3, 5, 19
Let d = -1041 + 2093. What are the prime factors of d/((-10 - -8)*(0 + -1))?
2, 263
List the prime factors of -3*6/(-30) + 665433/45.
2, 3697
Suppose -6*k = 3*m - 4*k - 32980, 21987 = 2*m + k. What are the prime factors of m?
2, 23, 239
Suppose 3*c + c = 2188. Let s = 838 + -832. Suppose s*o + 79 - c = 0. What are the prime factors of o?
2, 3, 13
Suppose -49*u = -88223 - 2226390. What are the prime factors of u?
47237
Let y(k) be the third derivative of 89*k**5/60 - 11*k**4/6 + k**3/2 - 229*k**2. List the prime factors of y(4).
3, 139
What are the prime factors of (-4 - 1100/(-6))/((-40)/(-1500))?
5, 269
Let j = -76 - 113. Let d = 326 + j. List the prime factors of d.
137
Suppose -11236 = -15*z - 1006. Suppose -20*c = 2*c - z. What are the prime factors of c?
31
Let d(q) = q**2 + 4*q + 5. Let h(v) be the third derivative of -v**5/30 - v**4/8 - v**3/6 - 29*v**2. Let k be h(-3). What are the prime factors of d(k)?
5, 13
Let m(q) = 216*q + 462. What are the prime factors of m(16)?
2, 3, 653
Let z = -246 + 248. Let d = 73 - 20. Let s = z + d. List the prime factors of s.
5, 11
Let w(q) = -1341*q**3 - 2*q**2 + 20*q + 79. List the prime factors of w(-3).
2, 31, 73
Let m = -67 - -86. Suppose -3*